 -6 + q. Let n(d) be the third derivative of -d**4/12 - 8*d**2. Give n(p).
-8
Let i be (-3 + -1 - (-18)/6)/(-1). Let o(t) be the second derivative of 0*t**2 - 1/6*t**3 - t + 0. Give o(i).
-1
Let n be (-30)/(-9) - (-2)/3. Let y(b) = 5*b**3 - 7 - b + 6*b**2 - n*b**3 - b**3 + b**3. Calculate y(-6).
-1
Let n(a) = -3*a - 1. Let r(v) be the second derivative of -v**3/6 - v**2/2 - 5*v. Let o(t) = -n(t) + 4*r(t). Give o(4).
-7
Let n(s) = -s**2 - s + 10. Let c(x) = -x**3 - 5*x**2 - 6*x - 8. Let p be c(-4). Give n(p).
10
Let r(v) = -11*v + 1. Let y(f) = -f**3 + 8*f**2 - 10*f + 9. Let a be y(6). Let g be (2/6)/(7/a). What is r(g)?
-10
Suppose 2*w = -v - 2*v, -w + 2*v = -14. Let s be (-3)/4 - (-88)/32. Let p(u) = 9*u**2 + 0*u + 3*u + 2*u - 10*u**s. Calculate p(w).
-6
Let y(j) = -j - 3 + 3. Let p(o) = -2*o + 7. Let c be p(4). Let f(n) = -3*n + 3. Let s(z) = c*f(z) + 4*y(z). What is s(-6)?
3
Suppose 5*f - 24 = 11. Let z be f + (-5)/(15/9). Let p(r) = r**2 - 7*r + 2. Calculate p(z).
-10
Let f = 35 - 29. Let s(q) be the second derivative of q**4/12 - 7*q**3/6 + 9*q**2/2 + 2*q. Give s(f).
3
Let g(z) = -4*z**3 - 6*z**2 + 2 + 5*z**3 - 6*z - 5. Let h be g(7). Let d(a) = 3*a + 9. Let t(v) = 2*v + 9. Let y(i) = -3*d(i) + 4*t(i). Determine y(h).
5
Let x(a) = 7*a**2 + 1. Let d = -4 - -5. Let o = d - 2. Calculate x(o).
8
Let r(s) = -3*s - 5. Suppose 3*l = 4 - 16. Calculate r(l).
7
Let w(g) = -7*g - 1. Let m(s) = -8*s - 1. Let v(u) = -5*m(u) + 6*w(u). Let p = -6 + 3. Determine v(p).
5
Let j(v) = v**2 - 4*v - 4. Suppose -2*r - 20 = -2*m, -3*m + 5*r + 3 = -33. Suppose -m = -3*h + 11. Give j(h).
8
Let c = 3 - -2. Let y(p) = -14*p**2 + 2*p - 6. Let b(h) = h**2 + 1. Let w(m) = c*b(m) + y(m). Suppose 0 = -4*o + 3*o + 1. Calculate w(o).
-8
Let r(c) = -3*c**3 + 2*c + 1. Let u(o) = o**3 - 5*o**2 + 4. Let x = -3 + 8. Let v be u(x). Suppose -2*m - 17 = -5*l, v*m + 2*l = -0*l + 2. Give r(m).
2
Let z(d) = 2*d**3 - d - 1. Let l be -2 - -2 - 3 - 6. Let f(w) = w**2 + 8*w - 10. Let y be f(l). Give z(y).
-2
Let u(i) = 3*i - 4. Let w(h) = 3*h - 5. Let f(q) = 7*u(q) - 6*w(q). What is f(-2)?
-4
Let p(o) = o**2 + o + 10. Let t(y) = -y**2 - 2*y - 9. Let m(a) = 3*p(a) + 4*t(a). Give m(-4).
-2
Suppose 0 = -5*k - 24 - 21. Let n = -6 - k. Let l(w) = -w**3 + 3*w**2 - 2. What is l(n)?
-2
Let c(y) = y**2 - y + 1. Let w be c(0). Let a(n) = 7*n - 1 - 6 + w - n**2. What is a(4)?
6
Let s be (-6)/15 - 7/(-5). Suppose -4*k + g = 2 + s, -4*k + 3*g - 9 = 0. Let o(j) = j - 8. Determine o(k).
-8
Let q = 0 + -2. Suppose -6*n - 6 = -3*n. Let f(v) = -v - 4. Let l(j) = 1. Let x(a) = n*f(a) - 9*l(a). Give x(q).
-5
Let o(v) = -6*v. Suppose -j + 0*y + 2*y - 1 = 0, 3*y = -2*j + 12. Suppose -q = -j*q + 2. Calculate o(q).
-6
Let u(h) = h + 10. Let y be u(-10). Suppose y = -r - z - 4, -z + 2*z = -1. Let w(a) = -a**3 - a**2 + 4*a + 3. Give w(r).
9
Let x(i) be the second derivative of -i**5/20 + i**4/4 - 3*i**2/2 + 3*i. Suppose 0 = z - 2, -5*z + 8 + 17 = 5*q. Calculate x(q).
-3
Let o(z) = -z**3 - 4*z**2 + 2*z - 7. Let q(s) = -s + 9. Let d be q(6). Let b be (10/d)/((-2)/3). Calculate o(b).
8
Let a(c) = -8*c**3 + c**2 - 4. Let i = -7 - -8. Let y(s) = s**3 + 1. Suppose -17 = -3*r + w, 3*r - w = -3*w + 2. Let h(d) = i*a(d) + r*y(d). Determine h(1).
-3
Let z(f) = -13*f + 1. Let n(k) = 12*k - 2. Let l(w) = 2*n(w) + 3*z(w). Determine l(1).
-16
Let r(k) = k**3 + 2*k**2 - 4*k + 3. Let v(s) = s**3 + 4*s**2 - 9*s + 7. Let n(d) = -2*d - 1. Let f be n(-4). Let h(p) = f*r(p) - 3*v(p). Calculate h(1).
5
Let t(c) = -3*c**2 - 8*c - 3. Suppose 2*s = -2*s + 2*k - 10, 5*s = 2*k - 14. Let v(n) = n**2 + 3*n + 1. Let b(f) = s*t(f) - 11*v(f). Give b(3).
7
Let w(u) be the third derivative of -u**4/24 - u**3 - 2*u**2. Let a = -10 - -12. Suppose 2*q = -8 - a. Determine w(q).
-1
Let a(l) = 7*l**2 - 13*l + 3. Let f be (-2)/(0 - (-2)/5). Let n(i) = 4 + i + 5*i - 4*i**2 - 6 + i. Let b(d) = f*n(d) - 3*a(d). Give b(3).
4
Suppose -3 = -3*i + 6. Let t(k) = k**3 - 3*k**2 + k - 2. Let z be t(i). Let m(w) = 7*w. What is m(z)?
7
Let v(h) = -2*h**2 - 10*h + 5. Let z(s) be the third derivative of s**5/60 + s**4/24 - s**3/6 - 3*s**2. Let g(p) = -v(p) - 3*z(p). Determine g(6).
4
Let d(f) = f**3 + 2*f**2 + 4*f + 2. Let c(q) = q**2 + 4*q + 1. Let l be c(-3). Give d(l).
-6
Let n be (3 + -1 + -2)/1. Let g(h) = h + 1. What is g(n)?
1
Suppose 7 = 5*x + 4*l, -l = x + 2*l - 8. Let t(r) = 12*r**3 + 4*r**3 - 6*r**3. Calculate t(x).
-10
Let o = -43 + 44. Let r(c) = -15*c**2 - 2*c + 1. Determine r(o).
-16
Let j(q) = q**2. Let c(l) = 3*l**2 + 5*l - 4. Suppose -2*n + 5*b = 2*n - 19, 4*b = -2*n - 10. Let v = 0 + n. Let k(h) = v*c(h) - 2*j(h). What is k(-3)?
-10
Let v(j) = 15*j**2 + 10*j + 1. Let o(s) = 3*s**2 + 2*s. Let b(g) = 11*o(g) - 2*v(g). Let k be b(-2). Let q(n) = -2*n + 1 + 0*n + n. Give q(k).
-5
Let k(y) = y**2 - 2*y + 6. Suppose 4*r + 6*r = 40. Calculate k(r).
14
Let f(p) = 25 + 2*p - 11 - p**2 - 12. Calculate f(3).
-1
Let r(u) be the second derivative of -u**4/12 + u**3 - u**2/2 - 20*u. Suppose -4*w - w - 3*p + 1 = 0, -3*w = 5*p - 7. Let o be 4/(w*(2 + -3)). What is r(o)?
7
Suppose -3*i + 0 = -15. Suppose -3*w + 7 - 1 = 0. Let p(k) = -w*k - 1 + 8*k - k**2 - 3. What is p(i)?
1
Let o(p) be the second derivative of -p**3/6 - 6*p**2 + 3*p. Calculate o(-6).
-6
Suppose c + 2*c - 3 = 0. Let b be (2 - c - 1)*1. Suppose -v + b = 1. Let g(s) = -s**2 + s + 1. What is g(v)?
-1
Let y(j) = 20*j. Let u(h) = -7*h. Let z(i) = 17*u(i) + 6*y(i). Suppose -3*t + 0 = -2*m + 7, -3*t + 4*m + 1 = 0. Calculate z(t).
-5
Let h(c) be the third derivative of c**4/24 + c**3/2 - 5*c**2. Let x be 5*1 + (-5 - -4). Calculate h(x).
7
Let y(m) = -5*m**3 - 6*m - 1. Let s(d) = -10*d + 10*d**3 + 3*d + d**2 - 16*d**3 - 1. Let l(r) = -3*s(r) + 4*y(r). Determine l(-2).
9
Let y(f) = -f**2 - 5*f + 5. Let j be 5*(2 + -5)/3. What is y(j)?
5
Let l be 12/18*(1 + 5). Let i(x) = 21 + 5*x**2 - 3*x**3 - 25 + 2*x**3 + l*x - 2*x**2. Let s be 2*-6*(-1)/4. Calculate i(s).
8
Let n(m) = 2*m**2 + 36*m + 29. Let a be n(-17). Let l(h) = -h**2 - 2*h + 2. Give l(a).
-13
Let c(h) be the first derivative of h**4/4 - 2*h**3/3 - 3*h**2/2 + 4*h - 3. Calculate c(3).
4
Let p(t) = t + 1. Let v(a) = a**2 + 6*a - 6. Let u(k) = p(k) - v(k). Suppose -2*c - m = 11, -4*c - 21 = 4*m - 1. Give u(c).
1
Let s(n) = -4*n**2 - 3*n - 2 - 7*n + 20*n - 7*n. What is s(2)?
-12
Suppose -q + 5*o - 4 = 6, 0 = 2*q - 4*o + 2. Let z be 5 - 2 - 3/3. Let m(i) = -i + 3*i - 3*i + z*i - 3. What is m(q)?
2
Suppose -5*y - 17 = 3*j, 0*j + 2*j + 2*y = -10. Let l = j - -4. Let x(p) be the first derivative of p**4/4 + p**3/3 + p**2/2 - 8*p - 2. What is x(l)?
-8
Let v(q) = 5*q + 6. Let a be v(-4). Let t be (-2)/(a/(-6) - 3). Let i(j) = -t + 2*j - 3*j + 2. What is i(-3)?
2
Let z be (8 - 8)*(-2)/(-4). Let y(s) = 3 + z - 2*s - 2 + 0*s. Let a = 0 + 1. What is y(a)?
-1
Let x(b) = b**3 + 4*b**2 - 3*b - 2. Let s be -3*(-4)/(-12) + (1 - 5). Calculate x(s).
-12
Let w(h) = -h**2 + 11*h - 3. Let s be w(10). Let y(j) = j**2 - 7*j - 4. Determine y(s).
-4
Let w(j) = -j**3 + 6*j**2 - 5*j + 4. Let b(t) = -2*t + 27. Let r be b(13). Let p = r - -4. Calculate w(p).
4
Let y(r) be the third derivative of r**4/24 - 7*r**3/3 - 7*r**2. Let n = 19 - 13. Give y(n).
-8
Let d(b) = 6*b + 39. Let t be d(-8). Let w(q) = q**2 + 9*q + 1. Calculate w(t).
1
Let g(l) be the third derivative of -l**6/120 + 7*l**5/60 - l**4/6 - 7*l**3/6 + 5*l**2. Calculate g(6).
5
Let f(u) = -7 - u + u - u. Suppose 4 + 11 = -3*y. Let d be f(y). Let r(z) = -2*z**3 - 3*z**2 - z - 1. Determine r(d).
5
Suppose -f - 13 = -9. Let t = f + 4. Let u(y) = y**3 - y + 1. Determine u(t).
1
Suppose -85 + 30 = 11*q. Let i(n) = -n**3 - 6*n**2 - 6*n - 4. Give i(q).
1
Let b(t) = 3*t - 15. Let k be b(10). Suppose w = o, w + 3*o + k = -w. Let l be (3/1)/w + 0. Let a(y) = 9*y + 1. Calculate a(l).
-8
Let d be -2*1*6/(-4). Let c(f) = 6*f**3 - 3*f**d + 4 - 5. Suppose -2*a - 4*l = -6, -3*a + 5*a = l - 4. Determine c(a).
-4
Let j(f) be the third derivative of -f**5/30 + f**3/6 + 8*f**2. Calculate j(-1).
-1
Let b be 3 - 4/((-8)/14). Let a be (b/8*4)/(-1). Let j(q) = q**2 + 4*q - 4. Determine j(a).
1
Let r be 28/10 + (-18)/(-90). Let g(y) = 5*y**2 - 3*y - 10. Let i(l) = l**2 - l - 1. Let v(j) = -g(j) + 6*i(j). What is v(r)?
4
Suppose -3*q + 3*v = 2*